9 and 477?
9
Calculate the highest common factor of 10 and 84.
2
What is the greatest common factor of 330 and 3564?
66
What is the greatest common divisor of 2409 and 66?
33
What is the greatest common factor of 14460 and 24?
12
What is the highest common factor of 1 and 839?
1
What is the greatest common divisor of 39835 and 155?
155
Calculate the greatest common divisor of 182 and 1222.
26
Calculate the highest common divisor of 231 and 11.
11
Calculate the highest common divisor of 324 and 144.
36
What is the greatest common factor of 644 and 56?
28
What is the greatest common divisor of 5280 and 12?
12
What is the highest common divisor of 3007 and 31?
31
What is the highest common divisor of 1152 and 27?
9
What is the greatest common factor of 294 and 6?
6
What is the greatest common divisor of 1230 and 80?
10
What is the greatest common divisor of 66 and 11?
11
What is the highest common divisor of 31 and 36611?
31
Calculate the greatest common factor of 6497 and 89.
89
Calculate the highest common divisor of 1350 and 50.
50
Calculate the greatest common divisor of 7660 and 80.
20
Calculate the highest common divisor of 78 and 42.
6
Calculate the highest common factor of 14 and 238.
14
Calculate the highest common divisor of 850 and 1190.
170
What is the greatest common factor of 2079 and 77?
77
What is the greatest common factor of 40 and 70?
10
Calculate the greatest common divisor of 26 and 169.
13
Calculate the highest common factor of 136 and 16.
8
Calculate the greatest common factor of 2154 and 12.
6
Calculate the highest common divisor of 531 and 649.
59
Calculate the greatest common factor of 6475 and 7.
7
What is the greatest common factor of 384 and 516?
12
What is the highest common factor of 356 and 44?
4
Calculate the highest common factor of 26147 and 11.
11
What is the highest common factor of 2 and 18?
2
What is the highest common divisor of 17625 and 15?
15
Calculate the highest common factor of 4 and 32.
4
Calculate the greatest common factor of 5899 and 153.
17
Calculate the greatest common factor of 51 and 17.
17
What is the greatest common factor of 45 and 5685?
15
Calculate the greatest common divisor of 70290 and 22.
22
Calculate the highest common factor of 779 and 82.
41
Calculate the greatest common divisor of 1232 and 40.
8
Calculate the highest common divisor of 2685 and 15.
15
What is the highest common factor of 34 and 28?
2
What is the highest common divisor of 10919 and 61?
61
What is the highest common divisor of 361 and 38?
19
What is the greatest common factor of 9879 and 178?
89
What is the greatest common factor of 49 and 12299?
49
What is the greatest common divisor of 2771 and 51?
17
Calculate the highest common divisor of 118 and 177.
59
What is the highest common factor of 930 and 90?
30
Calculate the greatest common factor of 26 and 38.
2
What is the greatest common factor of 132 and 3?
3
Calculate the highest common factor of 6204 and 33.
33
What is the greatest common factor of 35743 and 31?
31
Calculate the highest common divisor of 36 and 352.
4
Calculate the highest common factor of 78 and 66.
6
What is the highest common factor of 2419 and 59?
59
What is the greatest common divisor of 72 and 87?
3
What is the greatest common factor of 20 and 3490?
10
What is the greatest common factor of 16 and 144?
16
What is the greatest common divisor of 403 and 39?
13
Calculate the greatest common factor of 123 and 1968.
123
Calculate the highest common factor of 17 and 2006.
17
What is the highest common factor of 26 and 26?
26
Calculate the highest common factor of 16 and 304.
16
Calculate the highest common factor of 7 and 189.
7
Calculate the greatest common factor of 164 and 287.
41
Calculate the highest common divisor of 1232 and 16.
16
What is the greatest common factor of 31 and 1?
1
What is the greatest common factor of 3278 and 154?
22
Calculate the highest common factor of 9146 and 102.
34
Calculate the greatest common divisor of 80 and 5840.
80
What is the greatest common factor of 1377 and 34?
17
Calculate the greatest common factor of 38 and 5149.
19
Calculate the greatest common factor of 12 and 6.
6
Calculate the highest common factor of 132 and 99.
33
What is the greatest common factor of 115 and 295?
5
Calculate the highest common divisor of 42 and 15141.
21
Calculate the greatest common factor of 15 and 4495.
5
What is the highest common factor of 6 and 246?
6
Calculate the greatest common divisor of 990 and 90.
90
What is the highest common factor of 3003 and 182?
91
What is the highest common factor of 150 and 3585?
15
What is the greatest common divisor of 473 and 1763?
43
What is the greatest common divisor of 2212 and 869?
79
Calculate the highest common divisor of 146 and 365.
73
Calculate the highest common divisor of 1484 and 1696.
212
What is the greatest common factor of 2535 and 65?
65
Calculate the highest common divisor of 20 and 39860.
20
What is the greatest common factor of 636 and 15?
3
What is the highest common divisor of 74 and 2?
2
Calculate the greatest common divisor of 238 and 204.
34
What is the greatest common factor of 13 and 3601?
13
Calculate the greatest common factor of 128 and 2.
2
What is the greatest common factor of 589 and 62?
31
What is the greatest common divisor of 96 and 60?
12
Calculate the highest common factor of 363 and 2013.
33
Calculate the greatest common factor of 7 and 9.
1
What is the highest common factor of 1296 and 729?
81
Calculate the greatest common divisor of 170 and 765.
85
What is the highest common divisor of 216 and 324?
108
What is the greatest common divisor of 1177 and 99?
11
Calculate the highest common factor of 429 and 330.
33
What is the highest common divisor of 1558 and 38?
38
What is the greatest common divisor of 282 and 6?
6
Calculate the greatest common factor of 450 and 180.
90
What is the greatest common factor of 2664 and 180?
36
What is the greatest common divisor of 81060 and 70?
70
What is the greatest common factor of 324 and 4?
4
Calculate the highest common factor of 3664 and 4.
4
What is the greatest common divisor of 46 and 414?
46
What is the greatest common factor of 21 and 1008?
21
Calculate the highest common factor of 6205 and 146.
73
Calculate the highest common factor of 28 and 11676.
28
Calculate the greatest common divisor of 476 and 140.
28
Calculate the highest common divisor of 1224 and 40.
8
What is the highest common divisor of 729 and 405?
81
Calculate the highest common divisor of 1298 and 236.
118
Calculate the greatest common divisor of 3538 and 122.
122
Calculate the greatest common divisor of 3705 and 1045.
95
Calculate the greatest common divisor of 8 and 36.
4
What is the greatest common factor of 92 and 23552?
92
What is the highest common factor of 2 and 2?
2
What is the highest common divisor of 144 and 90?
18
What is the highest common divisor of 4171 and 258?
43
What is the highest common divisor of 2535 and 15?
15
What is the highest common divisor of 413 and 42?
7
What is the greatest common factor of 207 and 63?
9
Calculate the greatest common factor of 12 and 1236.
12
What is the highest common factor of 30 and 1090?
10
What is the highest common factor of 551 and 174?
29
Calculate the greatest common divisor of 42 and 90.
6
Calculate the greatest common factor of 110 and 9955.
55
What is the highest common factor of 52 and 1352?
52
What is the highest common factor of 7 and 10073?
7
What is the greatest common divisor of 222 and 592?
74
What is the highest common divisor of 133 and 7?
7
Calculate the highest common factor of 212 and 2809.
53
What is the greatest common divisor of 247 and 69407?
247
Calculate the greatest common factor of 981 and 2071.
109
What is the highest common factor of 14 and 18?
2
Calculate the highest common factor of 26553 and 106.
53
Calculate the greatest common divisor of 10 and 10530.
10
What is the greatest common factor of 32 and 6?
2
Calculate the greatest common divisor of 72 and 8.
8
What is the greatest common factor of 1456 and 1008?
112
What is the highest common divisor of 55 and 2431?
11
What is the greatest common divisor of 9 and 369?
9
What is the greatest common factor of 12 and 11964?
12
Calculate the greatest common f